{"id":149,"date":"2022-04-13T13:54:48","date_gmt":"2022-04-13T13:54:48","guid":{"rendered":"https:\/\/sommerhalter.org\/?page_id=149"},"modified":"2023-05-24T11:37:25","modified_gmt":"2023-05-24T11:37:25","slug":"ueber-mich","status":"publish","type":"page","link":"https:\/\/sommerhalter.org\/?page_id=149","title":{"rendered":"\u00dcber mich"},"content":{"rendered":"\n<div class=\"wp-block-media-text alignwide is-stacked-on-mobile\" style=\"grid-template-columns:23% auto\"><figure class=\"wp-block-media-text__media\"><img loading=\"lazy\" decoding=\"async\" width=\"865\" height=\"1024\" src=\"https:\/\/sommerhalter.org\/wp-content\/uploads\/2022\/04\/Peter-Portrait-2021-865x1024.jpg\" alt=\"\" class=\"wp-image-33 size-full\" srcset=\"https:\/\/sommerhalter.org\/wp-content\/uploads\/2022\/04\/Peter-Portrait-2021-865x1024.jpg 865w, https:\/\/sommerhalter.org\/wp-content\/uploads\/2022\/04\/Peter-Portrait-2021-253x300.jpg 253w, https:\/\/sommerhalter.org\/wp-content\/uploads\/2022\/04\/Peter-Portrait-2021-768x909.jpg 768w, https:\/\/sommerhalter.org\/wp-content\/uploads\/2022\/04\/Peter-Portrait-2021-1297x1536.jpg 1297w, https:\/\/sommerhalter.org\/wp-content\/uploads\/2022\/04\/Peter-Portrait-2021.jpg 1620w\" sizes=\"auto, (max-width: 865px) 100vw, 865px\" \/><\/figure><div class=\"wp-block-media-text__content\">\n<figure class=\"wp-block-pullquote\"><blockquote><p>Warum engagierst du dich f\u00fcr fremde Menschen?<br>Weil ich es kann! <br>Jeder hat das Recht gl\u00fccklich zu sein!<\/p><cite>Peter Sommerhalter<\/cite><\/blockquote><\/figure>\n<\/div><\/div>\n\n\n\n<div class=\"wp-block-columns is-layout-flex wp-container-core-columns-is-layout-9d6595d7 wp-block-columns-is-layout-flex\">\n<div class=\"wp-block-column is-layout-flow wp-block-column-is-layout-flow\">\n<div class=\"wp-block-columns alignwide is-layout-flex wp-container-core-columns-is-layout-9d6595d7 wp-block-columns-is-layout-flex\">\n<div class=\"wp-block-column has-text-color has-background has-link-color wp-elements-05d5826f436520b64c0cf683ddf703fc is-layout-flow wp-block-column-is-layout-flow\" style=\"color:#000000;background-color:#ffe97d;padding-top:2em;padding-right:2em;padding-bottom:2em;padding-left:2em\">\n<h2 class=\"wp-block-heading\" id=\"single\" style=\"font-size:40px\"><strong>Berufung<\/strong><\/h2>\n\n\n\n<p class=\"has-normal-font-size\" style=\"line-height:1.5\"><strong>Mehr Respekt und Freundlichkeit<\/strong><\/p>\n\n\n\n<hr class=\"wp-block-separator has-text-color has-css-opacity has-background is-style-wide\" style=\"background-color:#000000;color:#000000\"\/>\n\n\n\n<p><strong>Welt verbessern<\/strong><\/p>\n\n\n\n<hr class=\"wp-block-separator has-text-color has-black-color has-css-opacity has-black-background-color has-background is-style-wide\"\/>\n\n\n\n<p><strong>Kampf gegen Mobbing \/Cybermobbing<\/strong><\/p>\n\n\n\n<hr class=\"wp-block-separator has-text-color has-black-color has-css-opacity has-black-background-color has-background is-style-wide\"\/>\n\n\n\n<div class=\"wp-block-buttons alignfull is-horizontal is-content-justification-center is-layout-flex wp-container-core-buttons-is-layout-499968f5 wp-block-buttons-is-layout-flex\">\n<div class=\"wp-block-button has-custom-width wp-block-button__width-100\"><a class=\"wp-block-button__link has-white-color has-text-color has-background no-border-radius wp-element-button\" style=\"background-color:#000000\">\ud83d\ude42<\/a><\/div>\n<\/div>\n<\/div>\n\n\n\n<div class=\"wp-block-column is-vertically-aligned-top has-text-color has-background has-link-color wp-elements-28378c336a8ead42d031b2603cf968a3 is-layout-flow wp-block-column-is-layout-flow\" style=\"color:#000000;background-color:#d1d1e1;padding-top:2em;padding-right:2em;padding-bottom:2em;padding-left:2em\">\n<h2 class=\"wp-block-heading\" id=\"family\" style=\"font-size:40px\"><strong>Familie<\/strong><\/h2>\n\n\n\n<p class=\"has-normal-font-size\" style=\"line-height:1.5\"><strong>Wunderbar.<\/strong><\/p>\n\n\n\n<hr class=\"wp-block-separator has-text-color has-black-color has-css-opacity has-black-background-color has-background is-style-wide\"\/>\n\n\n\n<p><strong>drei Kinder und eine Frau<\/strong><\/p>\n\n\n\n<hr class=\"wp-block-separator has-text-color has-black-color has-css-opacity has-black-background-color has-background is-style-wide\"\/>\n\n\n\n<p class=\"has-normal-font-size\" style=\"line-height:1.5\"><strong>tolle Geschwister<\/strong><\/p>\n\n\n\n<hr class=\"wp-block-separator has-text-color has-black-color has-css-opacity has-black-background-color has-background is-style-wide\"\/>\n\n\n\n<p><strong>drei Generationen-Haus<\/strong><\/p>\n\n\n\n<p><strong>Mutti wohnt bei uns \ud83d\ude42<\/strong><\/p>\n\n\n\n<div class=\"wp-block-buttons alignfull is-horizontal is-content-justification-center is-layout-flex wp-container-core-buttons-is-layout-499968f5 wp-block-buttons-is-layout-flex\">\n<div class=\"wp-block-button has-custom-width wp-block-button__width-100 is-style-fill\"><a class=\"wp-block-button__link has-white-color has-text-color has-background no-border-radius wp-element-button\" style=\"background-color:#000000\">\ud83d\ude42<\/a><\/div>\n<\/div>\n<\/div>\n\n\n\n<div class=\"wp-block-column has-text-color has-background has-link-color wp-elements-549fe1bcd9c178ab74e8c3dc84459841 is-layout-flow wp-block-column-is-layout-flow\" style=\"color:#000000;background-color:#c0ebf1;padding-top:2em;padding-right:2em;padding-bottom:2em;padding-left:2em\">\n<h2 class=\"wp-block-heading\" id=\"patron\" style=\"font-size:40px\"><strong>Privat<\/strong><\/h2>\n\n\n\n<p class=\"has-normal-font-size\"><strong><strong>Helfersyndrom.<\/strong><\/strong><\/p>\n\n\n\n<hr class=\"wp-block-separator has-text-color has-black-color has-css-opacity has-black-background-color has-background is-style-wide\"\/>\n\n\n\n<p><strong>Ausbilder f\u00fcr erste Hilfe<\/strong><\/p>\n\n\n\n<hr class=\"wp-block-separator has-text-color has-black-color has-css-opacity has-black-background-color has-background is-style-wide\"\/>\n\n\n\n<p><strong>Bogensporttrainer DOSB<\/strong><\/p>\n\n\n\n<hr class=\"wp-block-separator has-text-color has-black-color has-css-opacity has-black-background-color has-background is-style-wide\"\/>\n\n\n\n<p><strong>Mittelalter Reenactment<\/strong><\/p>\n\n\n\n<div class=\"wp-block-buttons alignfull is-horizontal is-content-justification-center is-layout-flex wp-container-core-buttons-is-layout-499968f5 wp-block-buttons-is-layout-flex\">\n<div class=\"wp-block-button has-custom-width wp-block-button__width-100\"><a class=\"wp-block-button__link has-white-color has-text-color has-background no-border-radius wp-element-button\" style=\"background-color:#000000\">\ud83d\ude42<\/a><\/div>\n<\/div>\n<\/div>\n\n\n\n<div class=\"wp-block-column has-electric-grass-gradient-background has-text-color has-background has-link-color wp-elements-398e1e450218cca198fdd0a2cbd701c4 is-layout-flow wp-block-column-is-layout-flow\" style=\"color:#000000;padding-top:2em;padding-right:2em;padding-bottom:2em;padding-left:2em\">\n<h2 class=\"wp-block-heading\" id=\"patron\" style=\"font-size:40px\">sonstiges <\/h2>\n\n\n\n<p><strong>Erlebnisp\u00e4dagogik<\/strong><\/p>\n\n\n\n<hr class=\"wp-block-separator has-text-color has-black-color has-css-opacity has-black-background-color has-background is-style-wide\"\/>\n\n\n\n<p class=\"has-normal-font-size\"><strong><a rel=\"noreferrer noopener\" href=\"https:\/\/www.youtube.com\/channel\/UCvLNtkjOs4N_CXQTzn4s8Hw\" data-type=\"URL\" data-id=\"https:\/\/www.youtube.com\/channel\/UCvLNtkjOs4N_CXQTzn4s8Hw\" target=\"_blank\">Just my 5 Cent<\/a><\/strong><\/p>\n\n\n\n<hr class=\"wp-block-separator has-text-color has-black-color has-css-opacity has-black-background-color has-background is-style-wide\"\/>\n\n\n\n<p><strong><a href=\"https:\/\/www.facebook.com\/real.Kampfhummel\" data-type=\"URL\" data-id=\"https:\/\/www.facebook.com\/real.Kampfhummel\" target=\"_blank\" rel=\"noreferrer noopener\">Obiwaaan Hummelson<\/a><\/strong><\/p>\n\n\n\n<hr class=\"wp-block-separator has-text-color has-black-color has-css-opacity has-black-background-color has-background is-style-wide\"\/>\n\n\n\n<p><strong><strong>Erlebnisse der Motte Mu<\/strong><\/strong><\/p>\n\n\n\n<hr class=\"wp-block-separator has-text-color has-black-color has-css-opacity has-black-background-color has-background is-style-wide\"\/>\n\n\n\n<p class=\"has-normal-font-size\"><a rel=\"noreferrer noopener\" href=\"https:\/\/sommerhalter.org\/?p=346\" target=\"_blank\"><strong>Meine Meinung zum Gendern<\/strong><\/a><\/p>\n\n\n\n<hr class=\"wp-block-separator has-text-color has-black-color has-css-opacity has-black-background-color has-background is-style-wide\"\/>\n\n\n\n<p>comming soon<\/p>\n\n\n\n<div class=\"wp-block-buttons alignfull is-horizontal is-content-justification-center is-layout-flex wp-container-core-buttons-is-layout-499968f5 wp-block-buttons-is-layout-flex\">\n<div class=\"wp-block-button has-custom-width wp-block-button__width-100\"><a class=\"wp-block-button__link has-white-color has-text-color has-background no-border-radius wp-element-button\" style=\"background-color:#000000\">\ud83d\ude42<\/a><\/div>\n<\/div>\n<\/div>\n<\/div>\n<\/div>\n<\/div>\n\n\n\n<h3 class=\"wp-block-heading\">Lebenslauf<\/h3>\n\n\n\n<div class=\"wp-block-columns is-layout-flex wp-container-core-columns-is-layout-9d6595d7 wp-block-columns-is-layout-flex\">\n<div class=\"wp-block-column is-layout-flow wp-block-column-is-layout-flow\">\n<p>Mai 2022<\/p>\n\n\n\n<p>April 2022<br>September 2017<\/p>\n\n\n\n<p><\/p>\n\n\n\n<p>2010 &#8211;<br>2012<\/p>\n\n\n\n<p>Seit<br>2005<\/p>\n\n\n\n<p>M\u00e4rz 2009<br>Juli 2004<\/p>\n\n\n\n<p>Juni 2003<\/p>\n\n\n\n<p>Juni 2003<br>Juni 1998<\/p>\n\n\n\n<p>1997 <br>1992<\/p>\n\n\n\n<p>1992<br>1990<\/p>\n\n\n\n<p>1990<br>1987<\/p>\n<\/div>\n\n\n\n<div class=\"wp-block-column is-layout-flow wp-block-column-is-layout-flow\">\n<p>Ergreife ich die Initiative und bin wieder Freiberuflich<\/p>\n\n\n\n<p>Leiter f\u00fcr Pr\u00e4vention und Medienberatung<br>B\u00fcndnis gegen Cybermobbing e.V. Karlsruhe<\/p>\n\n\n\n<p><\/p>\n\n\n\n<p>Elternabende f\u00fcr das Landesinstitut f\u00fcr Pr\u00e4ventives Handeln (LPH Saarland)<\/p>\n\n\n\n<p>Freiberufliche T\u00e4tigkeit als Dozent zum Thema:<br>Neue Medien, Internet und Cybermobbing usw <\/p>\n\n\n\n<p>ICH-AG mit Schwerpunkt auf Hard- und Software<br>Sicherheitstechnik und mechatronischen Schliessanlagen <\/p>\n\n\n\n<p>Krank geworden<\/p>\n\n\n\n<p>Angestellt \/ Selbstst\u00e4ndig im Bereich Digitaldruck, Gro\u00dfformatdruck, Computergrafik und Design<\/p>\n\n\n\n<p>Soldat auf Zeit<br>FschJgBtl 261 Lebach<\/p>\n\n\n\n<p>Facharbeiter im Ausbildungsbetrieb<br>Agepan Eiweiler<\/p>\n\n\n\n<p>Lehre als Holzbearbeitungsmechaniker<br>Fachrichtung Holzwerkstoffe<\/p>\n<\/div>\n<\/div>\n\n\n\n<p><\/p>\n\n\n\n<a href=\"https:\/\/www.kqzyfj.com\/click-100860519-12274476\" target=\"_top\" rel=\"noopener\">\n<img loading=\"lazy\" decoding=\"async\" src=\"https:\/\/www.ftjcfx.com\/image-100860519-12274476\" width=\"250\" height=\"250\" alt=\"\" border=\"0\"\/><\/a>\n","protected":false},"excerpt":{"rendered":"<p>Warum engagierst du dich f\u00fcr fremde Menschen?Weil ich es kann! Jeder hat das Recht gl\u00fccklich zu sein! Peter Sommerhalter Berufung Mehr Respekt und Freundlichkeit Welt verbessern Kampf gegen Mobbing \/Cybermobbing Familie Wunderbar. drei Kinder und eine Frau tolle Geschwister drei Generationen-Haus Mutti wohnt bei uns \ud83d\ude42 Privat Helfersyndrom. Ausbilder f\u00fcr<\/p>\n","protected":false},"author":1,"featured_media":0,"parent":0,"menu_order":0,"comment_status":"closed","ping_status":"closed","template":"template-fullwidth.php","meta":{"footnotes":""},"class_list":["post-149","page","type-page","status-publish","hentry"],"_links":{"self":[{"href":"https:\/\/sommerhalter.org\/index.php?rest_route=\/wp\/v2\/pages\/149","targetHints":{"allow":["GET"]}}],"collection":[{"href":"https:\/\/sommerhalter.org\/index.php?rest_route=\/wp\/v2\/pages"}],"about":[{"href":"https:\/\/sommerhalter.org\/index.php?rest_route=\/wp\/v2\/types\/page"}],"author":[{"embeddable":true,"href":"https:\/\/sommerhalter.org\/index.php?rest_route=\/wp\/v2\/users\/1"}],"replies":[{"embeddable":true,"href":"https:\/\/sommerhalter.org\/index.php?rest_route=%2Fwp%2Fv2%2Fcomments&post=149"}],"version-history":[{"count":22,"href":"https:\/\/sommerhalter.org\/index.php?rest_route=\/wp\/v2\/pages\/149\/revisions"}],"predecessor-version":[{"id":432,"href":"https:\/\/sommerhalter.org\/index.php?rest_route=\/wp\/v2\/pages\/149\/revisions\/432"}],"wp:attachment":[{"href":"https:\/\/sommerhalter.org\/index.php?rest_route=%2Fwp%2Fv2%2Fmedia&parent=149"}],"curies":[{"name":"wp","href":"https:\/\/api.w.org\/{rel}","templated":true}]}}